5 a composite number?
True
Is 2253311 prime?
True
Is 8541881 a prime number?
True
Is 5367667 composite?
False
Is 9202909 composite?
True
Is 125889427 prime?
True
Is 39837085 prime?
False
Is 5613051 prime?
False
Is 66618061 composite?
False
Is 63478043 prime?
True
Is 8121 a prime number?
False
Is 227429039 a composite number?
False
Is 73173497 composite?
True
Is 659305 a composite number?
True
Is 3534257 a prime number?
True
Is 1693781 a prime number?
False
Is 222056467 a prime number?
False
Is 10862701 a composite number?
False
Is 2503129 prime?
False
Is 46229713 prime?
True
Is 44932567 a prime number?
True
Is 481487 a composite number?
True
Is 9088331 a composite number?
True
Is 128701 prime?
False
Is 18149543 prime?
True
Is 52691029 a prime number?
False
Is 39155495 prime?
False
Is 28963147 a prime number?
True
Is 19276779 composite?
True
Is 799949 a composite number?
False
Is 48467807 a composite number?
False
Is 27523239 a composite number?
True
Is 82661099 prime?
False
Is 814267 composite?
True
Is 636235 prime?
False
Is 2545903 a composite number?
True
Is 22782549 prime?
False
Is 115681 a prime number?
False
Is 16070627 composite?
True
Is 10153477 a prime number?
True
Is 3567397 a prime number?
True
Is 343653131 a composite number?
False
Is 17378899 composite?
True
Is 258996831 a composite number?
True
Is 3064291 composite?
False
Is 7250977 prime?
False
Is 8660863 a composite number?
False
Is 13732373 prime?
False
Is 134165 a composite number?
True
Is 104177567 a prime number?
False
Is 895127 composite?
False
Is 7288499 composite?
False
Is 142537591 prime?
False
Is 4801457 composite?
True
Is 8401259 composite?
False
Is 396737389 prime?
True
Is 258838 prime?
False
Is 94443117 composite?
True
Is 1814441 a composite number?
True
Is 210436431 composite?
True
Is 9271291 composite?
False
Is 45291851 composite?
True
Is 9372179 a composite number?
True
Is 1613773 composite?
True
Is 74241051 a composite number?
True
Is 53027411 prime?
True
Is 79462549 a composite number?
False
Is 14226497 a composite number?
True
Is 3812241 prime?
False
Is 32760157 composite?
False
Is 103085263 composite?
True
Is 612285701 composite?
False
Is 86771513 a composite number?
False
Is 1677297 a composite number?
True
Is 8250613 composite?
True
Is 4794121 prime?
False
Is 40553147 prime?
False
Is 121829817 a composite number?
True
Is 2185067 a prime number?
False
Is 212013985 prime?
False
Is 7891357 prime?
False
Is 11731429 prime?
False
Is 5612213 prime?
True
Is 43517881 prime?
False
Is 24699421 composite?
True
Is 161551279 composite?
False
Is 156727119 a prime number?
False
Is 4961531 prime?
True
Is 111711749 prime?
False
Is 15407723 a prime number?
False
Is 8842453 a composite number?
False
Is 2680549 prime?
False
Is 10762 composite?
True
Is 341139089 a composite number?
True
Is 24275023 a composite number?
True
Is 65436667 prime?
False
Is 135468101 prime?
True
Is 10284053 prime?
False
Is 10803119 a composite number?
False
Is 9895517 a prime number?
True
Is 21091409 a composite number?
False
Is 47618171 a composite number?
False
Is 15847933 prime?
True
Is 260678003 a composite number?
False
Is 36669089 prime?
True
Is 40646887 prime?
True
Is 10537871 prime?
True
Is 14390333 a prime number?
True
Is 3126437 composite?
False
Is 21713619 a prime number?
False
Is 4451849 a prime number?
True
Is 6472237 prime?
True
Is 227111 composite?
False
Is 7601719 a composite number?
True
Is 293374007 a composite number?
False
Is 56299303 a composite number?
True
Is 10874891 composite?
True
Is 778507 prime?
True
Is 10268381 a composite number?
False
Is 95719567 composite?
False
Is 84427081 a composite number?
True
Is 16241809 a composite number?
True
Is 52253833 a composite number?
False
Is 128551879 a prime number?
False
Is 188560447 a composite number?
True
Is 3072161 a prime number?
True
Is 11204143 a composite number?
True
Is 17307973 prime?
False
Is 2417201 composite?
False
Is 1232697 composite?
True
Is 2473987 prime?
False
Is 831083 composite?
True
Is 7056073 a prime number?
False
Is 116639 prime?
True
Is 378856823 composite?
False
Is 14109383 a prime number?
True
Is 122954417 a prime number?
False
Is 288288103 composite?
True
Is 1921043 prime?
False
Is 3030431 a prime number?
True
Is 5439709 a prime number?
False
Is 16192193 prime?
True
Is 1262203 a composite number?
False
Is 9691681 a composite number?
True
Is 281196169 prime?
False
Is 10010821 prime?
True
Is 22412771 a prime number?
True
Is 6631553 composite?
False
Is 15299147 composite?
False
Is 58853261 a composite number?
False
Is 33065677 composite?
False
Is 14062667 a composite number?
False
Is 9381817 composite?
False
Is 186149 a prime number?
True
Is 48361559 prime?
True
Is 767111 a composite number?
False
Is 425563 a prime number?
True
Is 6219287 a composite number?
False
Is 401237813 prime?
True
Is 463849 composite?
False
Is 3275065 a composite number?
True
Is 310837783 prime?
False
Is 251301661 a prime number?
False
Is 2425799 a composite number?
False
Is 45307621 prime?
True
Is 489031 a composite number?
True
Is 10121278 a composite number?
True
Is 17494811 composite?
False
Is 20420441 composite?
True
Is 1288066061 prime?
True
Is 20895139 prime?
True
Is 9017537 a composite number?
False
Is 571057 a prime number?
False
Is 248075393 a prime number?
True
Is 212844187 prime?
True
Is 1115987 a composite number?
False
Is 37269487 prime?
False
Is 15193 a composite number?
False
Is 57988813 a composite number?
False
Is 4438529 a composite number?
False
Is 732509 prime?
True
Is 5621597 a prime number?
True
Is 7280907 a prime number?
False
Is 8870999 a composite number?
False
Is 8124049 composite?
True
Is 6963977 a composite number?
True
Is 26842831 composite?
True
Is 14792885 prime?
False
Is 99675007 composite?
True
Is 10182131 a composite number?
False
Is 217313997 prime?
False
Is 5810011 a composite number?
False
Is 21375659 a prime number?
True
Is 10919681 composite?
False
Is 1004279 a prime number?
True
Is 263228741 composite?
False
Is 8425717 prime?
True
Is 5538151 a composite number?
True
Is 503501 composite?
False
Is 75703477 composite?
False
Is 2022227 a composite number?
True
Is 503589667 a composite number?
True
Is 218769 composite?
True
Is 168008273 composite?
True
Is 3681113 a composite number?
False
Is 603961629 a prime number?
False
Is 2208257 composite?
False
Is 25522033 composite?
False
Is 8623519 a prime number?
True
Is 191991 prime?
False
Is 56119289 composite?
True
Is 54811 a prime number?
False
Is 13957682 a composite number?
True
Is 85891405 a composite number?
True
Is 35716319 a prime number?
True
Is 218312047 prime?
False
Is 155232929 a composite number?
True
Is 51137201 a composite number?
False
Is 9983257 a prime number?
False
Is 60540391 composite?
False
Is 1915041 prime?
False
Is 154181 composite?
False
Is 101243011 a prime number?
False
Is 138784081 a composite number?
False
Is 75219869 composite?
False
Is 1620643 a composite number?
True
Is 53081159 prime?
True
Is 36068027 a prime number?
True
Is 20913173 composite?
False
Is 8055779 composite?
False
Is 3622039 a composite number?
False
Is 28785089 a prime number?
False
Is 5890487 composite?
True
Is 7056167 composite?
False
Is 8536993 composite?
False
Is 3636973 composite?
False
Is 502687 a composite number?
False
Is 23803401 a prime number?
False
Is 88863491 a composite number?
False
Is 1060937 prime?
True
Is 90899 prime?
False
Is 865258111 composite?
False
Is 17563165 composite?
True
Is 866611 prime?
False
Is 6729403 a prime number?
False
Is 19227617 composite?
True
Is 99097709 a composite number?
True
Is 59652487 composite?
False
Is 65395051 prime?
True
Is 441936343 a composite number?
False
Is 11331209 prime?
True
Is 886569447 a composite number?
True
Is 12730379 a prime number?
True
Is 4617073 composite?
False
Is 4812863 prime?
False
Is 9490919 prime?
True
Is 3543571 prime?
True
Is 5146061 composite?
False
Is 2770721 composite?
True
Is 5702759 composite?
False
Is 42937 composite?
False
Is 5024541 composite?
True
Is 2510395 prime?
False
Is 6807041 prime?
False
Is 10112561 composite?
True
Is 1034741 composite?
True
Is 1890677 prime?
True
Is 14308421 composite?
False
Is 218124058 a composite number?
True
Is 10590469 a prime number?
True
Is 11